{"id":2,"date":"2023-01-20T10:39:35","date_gmt":"2023-01-20T09:39:35","guid":{"rendered":"http:\/\/www.saralidman.se\/?page_id=2"},"modified":"2026-03-23T14:55:35","modified_gmt":"2026-03-23T13:55:35","slug":"exempelsida","status":"publish","type":"page","link":"http:\/\/www.saralidman.se\/?page_id=2","title":{"rendered":"Om s\u00e4llskapet"},"content":{"rendered":"\n<div class=\"wp-block-columns is-layout-flex wp-container-core-columns-is-layout-9d6595d7 wp-block-columns-is-layout-flex\">\n<div class=\"wp-block-column is-layout-flow wp-block-column-is-layout-flow\" style=\"flex-basis:66.66%\">\n<p>Sara Lidman-s\u00e4llskapets \u00f6vergripande syfte \u00e4r att stimulera intresset f\u00f6r och f\u00f6rst\u00e5elsen av Sara Lidmans f\u00f6rfattarskap och samh\u00e4llsengagemang, att uppm\u00e4rksamma personer som verkar i hennes anda, att vidga och f\u00f6rdjupa kunskaperna om hennes f\u00f6rfattarskap, att verka f\u00f6r utgivning och spridning av hennes texter samt att uppmuntra till forskning om hennes verk, liv och g\u00e4rning.<br><br> \u00c5rliga arrangemang av s\u00e4llskapet Sara Lidman-dagen i slutet av mars i Ume\u00e5, och p\u00e5 hennes f\u00f6delsedag 30\/12 i Skellefte\u00e5. Tillf\u00e4llen f\u00f6r att f\u00f6rdjupa intresset och f\u00f6rst\u00e5elsen f\u00f6r Sara Lidmans f\u00f6rfattarskap. <br><br>Sara Lidman &#8211; s\u00e4llskapet svarar \u00e4ven f\u00f6r utgivningen av en medlemsskrift, samt andra trycksaker s\u00e5som exempelvis vykort. S\u00e4llskapet har sitt s\u00e4te i Ume\u00e5 med lokalavdelningar i Skellefte\u00e5 och Stockholm.  <\/p>\n\n\n\n<p>Kontakta respektive arbetsgrupp:<br>Ume\u00e5: <a href=\"mailto:ola.kellgren@gmail.com\">Ola Kellgren<\/a><br>Skellefte\u00e5: <a href=\"mailto:clarsynt47@gmail.com\">Christer Larsson<\/a><br>Stockholm: <a href=\"mailto:ulla.dalasjo@gmail.com\">Ulla Danielsson<\/a><\/p>\n\n\n\n<p>\u00c4r ni intresserade av att starta upp en egen lokalavdelning p\u00e5 er ort, h\u00f6r av er till oss!<\/p>\n<\/div>\n\n\n\n<div class=\"wp-block-column is-layout-flow wp-block-column-is-layout-flow\" style=\"flex-basis:33.33%\">\n<figure class=\"wp-block-image size-full\"><img loading=\"lazy\" decoding=\"async\" width=\"512\" height=\"512\" src=\"http:\/\/www.saralidman.se\/wp-content\/uploads\/2023\/01\/cropped-Sara1-819x1024-1.jpg\" alt=\"\" class=\"wp-image-9\" srcset=\"http:\/\/www.saralidman.se\/wp-content\/uploads\/2023\/01\/cropped-Sara1-819x1024-1.jpg 512w, http:\/\/www.saralidman.se\/wp-content\/uploads\/2023\/01\/cropped-Sara1-819x1024-1-300x300.jpg 300w, http:\/\/www.saralidman.se\/wp-content\/uploads\/2023\/01\/cropped-Sara1-819x1024-1-150x150.jpg 150w, http:\/\/www.saralidman.se\/wp-content\/uploads\/2023\/01\/cropped-Sara1-819x1024-1-270x270.jpg 270w, http:\/\/www.saralidman.se\/wp-content\/uploads\/2023\/01\/cropped-Sara1-819x1024-1-192x192.jpg 192w, http:\/\/www.saralidman.se\/wp-content\/uploads\/2023\/01\/cropped-Sara1-819x1024-1-180x180.jpg 180w, http:\/\/www.saralidman.se\/wp-content\/uploads\/2023\/01\/cropped-Sara1-819x1024-1-32x32.jpg 32w\" sizes=\"auto, (max-width: 512px) 100vw, 512px\" \/><\/figure>\n<\/div>\n<\/div>\n\n\n\n<div class=\"wp-block-columns is-layout-flex wp-container-core-columns-is-layout-9d6595d7 wp-block-columns-is-layout-flex\">\n<div class=\"wp-block-column is-layout-flow wp-block-column-is-layout-flow\">\n<p><strong>Styrelse<\/strong><br><br>Ola Kellgren, Ume\u00e5, ordf\u00f6rande<br>Ulla Danielsson, Stockholm, vice ordf<br><br><strong>\u00d6vriga ledam\u00f6ter<\/strong><br>Mona Holm, Ume\u00e5, kass\u00f6r<br>Pia Friberg, Ume\u00e5, sekreterare<br>Dan Jonsson, Ume\u00e5<br>Erik Danielsson, Ume\u00e5<br>Lena Dahlqvist, Skellefte\u00e5<\/p>\n<\/div>\n\n\n\n<div class=\"wp-block-column is-layout-flow wp-block-column-is-layout-flow\">\n<p><\/p>\n\n\n\n<p><br><br><strong>Suppleanter:<\/strong><br>Inger Boman, Ume\u00e5<br>Malin Ackermann, Lycksele <br>Ann-Kristin Wingman, Stockholm<br>Anders Karlsson, Skellefte\u00e5<br><\/p>\n<\/div>\n<\/div>\n\n\n\n<p><\/p>\n\n\n\n<p><strong>Bli medlem<\/strong><\/p>\n\n\n\n<p>S\u00e5 h\u00e4r g\u00f6r du f\u00f6r att bli medlem i Sara Lidman-s\u00e4llskapet:<\/p>\n\n\n\n<p>1. Skicka ett mail till&nbsp;styrelsen@saralidman.se&nbsp;d\u00e4r du uppger namn och adress.<br>2. Betala sedan medlemsavgiften (se tabellen nedan) p\u00e5 s\u00e4llskapets plusgiro 47 62 02 \u2013 7. <br>Uppge namn och epost-adress i meddelandef\u00e4ltet.<\/p>\n\n\n\n<p>Att g\u00e5 med i Sara Lidman-s\u00e4llskapet kostar 150 kronor\/\u00e5r. Som medlem f\u00e5r du fortl\u00f6pande information om s\u00e4llskapets olika aktiviteter. Du f\u00e5r viss rabatt p\u00e5 Bokcafe Pilgatan i Ume\u00e5 samt p\u00e5 litter\u00e4ra bussresor till Missentr\u00e4sk. Dessutom f\u00e5r du ett exemplar av v\u00e5r medlemsskrift.<\/p>\n\n\n\n<p>Personlig medlemmar 150 kr.<br>Tillkommande familjemedlem 125 kr.<br>Ungdomar t.o.m. 25 \u00e5r 75 kr.<br>F\u00f6r institutioner \u2013 bibliotek, skolor, studief\u00f6rbund 300 kr.<\/p>\n\n\n\n<p>Nytt f\u00f6r i \u00e5r \u00e4r att du kan betala din medlemsavgift med Swish. Betalningen g\u00f6rs i s\u00e5 fall till Sara Lidman-s\u00e4llskapets Swish-konto: 123 240 75 42. Ange d\u00e5 vem och vad inbetalningen avser.<\/p>\n","protected":false},"excerpt":{"rendered":"<p>Sara Lidman-s\u00e4llskapets \u00f6vergripande syfte \u00e4r att stimulera intresset f\u00f6r och f\u00f6rst\u00e5elsen av Sara Lidmans f\u00f6rfattarskap och samh\u00e4llsengagemang, att uppm\u00e4rksamma personer som verkar i hennes anda, att vidga och f\u00f6rdjupa kunskaperna <a class=\"read-more\" href=\"http:\/\/www.saralidman.se\/?page_id=2\">Read More<\/a><\/p>\n","protected":false},"author":1,"featured_media":0,"parent":0,"menu_order":0,"comment_status":"closed","ping_status":"open","template":"","meta":{"footnotes":""},"class_list":["post-2","page","type-page","status-publish","hentry"],"_links":{"self":[{"href":"http:\/\/www.saralidman.se\/index.php?rest_route=\/wp\/v2\/pages\/2","targetHints":{"allow":["GET"]}}],"collection":[{"href":"http:\/\/www.saralidman.se\/index.php?rest_route=\/wp\/v2\/pages"}],"about":[{"href":"http:\/\/www.saralidman.se\/index.php?rest_route=\/wp\/v2\/types\/page"}],"author":[{"embeddable":true,"href":"http:\/\/www.saralidman.se\/index.php?rest_route=\/wp\/v2\/users\/1"}],"replies":[{"embeddable":true,"href":"http:\/\/www.saralidman.se\/index.php?rest_route=%2Fwp%2Fv2%2Fcomments&post=2"}],"version-history":[{"count":16,"href":"http:\/\/www.saralidman.se\/index.php?rest_route=\/wp\/v2\/pages\/2\/revisions"}],"predecessor-version":[{"id":1167,"href":"http:\/\/www.saralidman.se\/index.php?rest_route=\/wp\/v2\/pages\/2\/revisions\/1167"}],"wp:attachment":[{"href":"http:\/\/www.saralidman.se\/index.php?rest_route=%2Fwp%2Fv2%2Fmedia&parent=2"}],"curies":[{"name":"wp","href":"https:\/\/api.w.org\/{rel}","templated":true}]}}

Om sällskapet

<div class="wp-block-columns is-layout-flex wp-container-core-columns-is-layout-9d6595d7 wp-block-columns-is-layout-flex">
<div class="wp-block-column is-layout-flow wp-block-column-is-layout-flow" style="flex-basis:66.66%">
<p>Sara Lidman-sällskapets övergripande syfte är att stimulera intresset för och förståelsen av Sara Lidmans författarskap och samhällsengagemang, att uppmärksamma personer som verkar i hennes anda, att vidga och fördjupa kunskaperna om hennes författarskap, att verka för utgivning och spridning av hennes texter samt att uppmuntra till forskning om hennes verk, liv och gärning.<br><br> Årliga arrangemang av sällskapet Sara Lidman-dagen i slutet av mars i Umeå, och på hennes födelsedag 30/12 i Skellefteå. Tillfällen för att fördjupa intresset och förståelsen för Sara Lidmans författarskap. <br><br>Sara Lidman &#8211; sällskapet svarar även för utgivningen av en medlemsskrift, samt andra trycksaker såsom exempelvis vykort. Sällskapet har sitt säte i Umeå med lokalavdelningar i Skellefteå och Stockholm.  </p>



<p>Kontakta respektive arbetsgrupp:<br>Umeå: <a href="mailto:ola.kellgren@gmail.com">Ola Kellgren</a><br>Skellefteå: <a href="mailto:clarsynt47@gmail.com">Christer Larsson</a><br>Stockholm: <a href="mailto:ulla.dalasjo@gmail.com">Ulla Danielsson</a></p>



<p>Är ni intresserade av att starta upp en egen lokalavdelning på er ort, hör av er till oss!</p>
</div>



<div class="wp-block-column is-layout-flow wp-block-column-is-layout-flow" style="flex-basis:33.33%">
<figure class="wp-block-image size-full"><img loading="lazy" decoding="async" width="512" height="512" src="http://www.saralidman.se/wp-content/uploads/2023/01/cropped-Sara1-819x1024-1.jpg" alt="" class="wp-image-9" srcset="http://www.saralidman.se/wp-content/uploads/2023/01/cropped-Sara1-819x1024-1.jpg 512w, http://www.saralidman.se/wp-content/uploads/2023/01/cropped-Sara1-819x1024-1-300x300.jpg 300w, http://www.saralidman.se/wp-content/uploads/2023/01/cropped-Sara1-819x1024-1-150x150.jpg 150w, http://www.saralidman.se/wp-content/uploads/2023/01/cropped-Sara1-819x1024-1-270x270.jpg 270w, http://www.saralidman.se/wp-content/uploads/2023/01/cropped-Sara1-819x1024-1-192x192.jpg 192w, http://www.saralidman.se/wp-content/uploads/2023/01/cropped-Sara1-819x1024-1-180x180.jpg 180w, http://www.saralidman.se/wp-content/uploads/2023/01/cropped-Sara1-819x1024-1-32x32.jpg 32w" sizes="auto, (max-width: 512px) 100vw, 512px" /></figure>
</div>
</div>



<div class="wp-block-columns is-layout-flex wp-container-core-columns-is-layout-9d6595d7 wp-block-columns-is-layout-flex">
<div class="wp-block-column is-layout-flow wp-block-column-is-layout-flow">
<p><strong>Styrelse</strong><br><br>Ola Kellgren, Umeå, ordförande<br>Ulla Danielsson, Stockholm, vice ordf<br><br><strong>Övriga ledamöter</strong><br>Mona Holm, Umeå, kassör<br>Pia Friberg, Umeå, sekreterare<br>Dan Jonsson, Umeå<br>Erik Danielsson, Umeå<br>Lena Dahlqvist, Skellefteå</p>
</div>



<div class="wp-block-column is-layout-flow wp-block-column-is-layout-flow">
<p></p>



<p><br><br><strong>Suppleanter:</strong><br>Inger Boman, Umeå<br>Malin Ackermann, Lycksele <br>Ann-Kristin Wingman, Stockholm<br>Anders Karlsson, Skellefteå<br></p>
</div>
</div>



<p></p>



<p><strong>Bli medlem</strong></p>



<p>Så här gör du för att bli medlem i Sara Lidman-sällskapet:</p>



<p>1. Skicka ett mail till&nbsp;styrelsen@saralidman.se&nbsp;där du uppger namn och adress.<br>2. Betala sedan medlemsavgiften (se tabellen nedan) på sällskapets plusgiro 47 62 02 – 7. <br>Uppge namn och epost-adress i meddelandefältet.</p>



<p>Att gå med i Sara Lidman-sällskapet kostar 150 kronor/år. Som medlem får du fortlöpande information om sällskapets olika aktiviteter. Du får viss rabatt på Bokcafe Pilgatan i Umeå samt på litterära bussresor till Missenträsk. Dessutom får du ett exemplar av vår medlemsskrift.</p>



<p>Personlig medlemmar 150 kr.<br>Tillkommande familjemedlem 125 kr.<br>Ungdomar t.o.m. 25 år 75 kr.<br>För institutioner – bibliotek, skolor, studieförbund 300 kr.</p>



<p>Nytt för i år är att du kan betala din medlemsavgift med Swish. Betalningen görs i så fall till Sara Lidman-sällskapets Swish-konto: 123 240 75 42. Ange då vem och vad inbetalningen avser.</p>

<p>Sara Lidman-sällskapets övergripande syfte är att stimulera intresset för och förståelsen av Sara Lidmans författarskap och samhällsengagemang, att uppmärksamma personer som verkar i hennes anda, att vidga och fördjupa kunskaperna <a class="read-more" href="http://www.saralidman.se/?page_id=2">Read More</a></p>
