{"id":49,"date":"2023-01-20T14:23:12","date_gmt":"2023-01-20T13:23:12","guid":{"rendered":"http:\/\/www.saralidman.se\/?page_id=49"},"modified":"2024-03-27T10:39:35","modified_gmt":"2024-03-27T09:39:35","slug":"kontakta-oss","status":"publish","type":"page","link":"http:\/\/www.saralidman.se\/?page_id=49","title":{"rendered":"Kontakta oss"},"content":{"rendered":"\n<p>Fr\u00e5gor och synpunkter kan skickas till ordf\u00f6rande Ola Kellgren via<br>Epost:&nbsp;styrelsen@saralidman.se   Telefon: 070-200 87 69<\/p>\n\n\n\n<p><\/p>\n\n\n\n<p>eller brevledes via<br>c\/o Bokcaf\u00e9 Pilgatan<br>Pilgatan 14<br>903 31 Ume\u00e5<\/p>\n\n\n\n<p>Kontakt till respektive arbetsgrupp:<br>Ume\u00e5: <a href=\"mailto:ann.sigfridsson@telia.com\">Ola Kellgren<\/a> ola.kellgren@gmail.com<br>Skellefte\u00e5: <a href=\"mailto:clarsynt47@gmail.com\">Christer Larsson<\/a> clarsynt47@gmail.com<br>Stockholm: <a href=\"mailto:ulla.dalasjo@gmail.com\">Ulla Danielsson<\/a> ulla.dalasjo@gmail.com<\/p>\n","protected":false},"excerpt":{"rendered":"<p>Fr\u00e5gor och synpunkter kan skickas till ordf\u00f6rande Ola Kellgren viaEpost:&nbsp;styrelsen@saralidman.se Telefon: 070-200 87 69 eller brevledes viac\/o Bokcaf\u00e9 PilgatanPilgatan 14903 31 Ume\u00e5 Kontakt till respektive arbetsgrupp:Ume\u00e5: Ola Kellgren ola.kellgren@gmail.comSkellefte\u00e5: Christer <a class=\"read-more\" href=\"http:\/\/www.saralidman.se\/?page_id=49\">Read More<\/a><\/p>\n","protected":false},"author":1,"featured_media":0,"parent":0,"menu_order":0,"comment_status":"closed","ping_status":"closed","template":"","meta":{"footnotes":""},"class_list":["post-49","page","type-page","status-publish","hentry"],"_links":{"self":[{"href":"http:\/\/www.saralidman.se\/index.php?rest_route=\/wp\/v2\/pages\/49","targetHints":{"allow":["GET"]}}],"collection":[{"href":"http:\/\/www.saralidman.se\/index.php?rest_route=\/wp\/v2\/pages"}],"about":[{"href":"http:\/\/www.saralidman.se\/index.php?rest_route=\/wp\/v2\/types\/page"}],"author":[{"embeddable":true,"href":"http:\/\/www.saralidman.se\/index.php?rest_route=\/wp\/v2\/users\/1"}],"replies":[{"embeddable":true,"href":"http:\/\/www.saralidman.se\/index.php?rest_route=%2Fwp%2Fv2%2Fcomments&post=49"}],"version-history":[{"count":8,"href":"http:\/\/www.saralidman.se\/index.php?rest_route=\/wp\/v2\/pages\/49\/revisions"}],"predecessor-version":[{"id":673,"href":"http:\/\/www.saralidman.se\/index.php?rest_route=\/wp\/v2\/pages\/49\/revisions\/673"}],"wp:attachment":[{"href":"http:\/\/www.saralidman.se\/index.php?rest_route=%2Fwp%2Fv2%2Fmedia&parent=49"}],"curies":[{"name":"wp","href":"https:\/\/api.w.org\/{rel}","templated":true}]}}