{"id":82,"date":"2023-01-20T16:04:21","date_gmt":"2023-01-20T15:04:21","guid":{"rendered":"http:\/\/www.saralidman.se\/?page_id=82"},"modified":"2026-01-24T18:16:11","modified_gmt":"2026-01-24T17:16:11","slug":"litteratur","status":"publish","type":"page","link":"http:\/\/www.saralidman.se\/?page_id=82","title":{"rendered":"Litteratur"},"content":{"rendered":"\n<h4 class=\"wp-block-heading\"><br><strong>B\u00f6cker av Sara<\/strong><\/h4>\n\n\n\n<p>Tj\u00e4rdalen&nbsp;(1953), roman<br>Hjortronlandet&nbsp;(1955), roman<br>Regnspiran&nbsp;(1958), roman<br>B\u00e4ra mistel&nbsp;(1960), roman<br>Jag och min son&nbsp;(1961), roman<br>Jag och min son&nbsp;(1963), roman, bearbetad version<br>Med fem diamanter&nbsp;(1964), roman<br>Samtal i Hanoi&nbsp;(1966), reportage<br>Gruva. Bild Odd Uhrbom (1968), intervjubok<br>Gruva. Bild Odd Uhrbom (1969), utvidgad version<br>V\u00e4nner och u-v\u00e4nner&nbsp;(1969), artikelurval<br>Marta Marta&nbsp;(1970), pj\u00e4s<br>F\u00e5glarna i Nam Dinh&nbsp;(1972), artiklar om Vietnam<br>Din tj\u00e4nare h\u00f6r&nbsp;(1977), roman<br>Vredens barn&nbsp;(1979), roman<br>Varje l\u00f6v \u00e4r ett \u00f6ga&nbsp;(1980), artikelurval<br>Nabots sten&nbsp;(1981), roman<br>Den underbare mannen&nbsp;(1983), roman<br>J\u00e4rnkronan&nbsp;(1985), roman<br>\u2026och tr\u00e4det svarade&nbsp;(1988), artikelurval<br>Lifsens rot&nbsp;(1996), roman<br>Oskuldens minut&nbsp;(1999), roman<br>Kropp och sk\u00e4l&nbsp;(2003)<br>Jernbanan 1&nbsp;(2003), samlingvolym<br>Jernbanan 2&nbsp;(2003), samlingsvolym<\/p>\n\n\n\n<p><\/p>\n\n\n\n<h4 class=\"wp-block-heading\"><strong>Ljudb\u00f6cker<\/strong><\/h4>\n\n\n\n<p><em>Lifsens rot<\/em>, Bonnier audio (2015), inl\u00e4sare: Sara Lidman<br><em>Den underbare mannen<\/em>, Bonnier audio (2017), inl\u00e4sare: Sara Lidman<br><em>Jernkronan<\/em>, Bonnier audio (2017), inl\u00e4sare: Sara Lidman<br><em>Din tj\u00e4nare h\u00f6r<\/em>, Landa f\u00f6rlag (2023), inl\u00e4sare: Ellenor Lindgren<\/p>\n\n\n\n<p><\/p>\n\n\n\n<h4 class=\"wp-block-heading\"><strong>B\u00f6cker om Sara<\/strong><\/h4>\n\n\n\n<p><strong><em>Sara Lidman \u2013 i liv och text<\/em><\/strong>&nbsp;(1998) av Birgitta Holm. Ny reviderad utg\u00e5va 2005K\u00e4rlek och n\u00e5gonting att skratta \u00e5t dessutom : Sara Lidman och den k\u00e4rleksfulla blicken&nbsp;(2008) av Annelie Br\u00e4nstr\u00f6m-\u00d6hman<br><strong><em>Stilens munterhet<\/em><\/strong>: Sara Lidmans f\u00f6rfattardagb\u00f6cker fr\u00e5n Missentr\u00e4sk 1975-1985&nbsp;(2014) av Annelie Br\u00e4nstr\u00f6m-\u00d6hman<br><strong><em>Levtr\u00e5dar<\/em><\/strong> &#8211; ett och hundra \u00e5r med Sara Lidman, av Harald Larsen (red), Ordfront f\u00f6rlag (2023)<br><strong><em>I r\u00f6tt svart och vitt<\/em><\/strong> &#8211; Sara Lidmans spr\u00e5kdr\u00e4kter av Annelie Br\u00e4nstr\u00f6m-\u00d6hman och Maria Sundstr\u00f6m, Ellerstr\u00f6ms f\u00f6rlag (2023) <br><strong><em>AINA och andra dramer<\/em><\/strong>, &#8211; Saras dramatik, Atrium f\u00f6rlag (2023)<\/p>\n\n\n\n<p><\/p>\n\n\n\n<p><\/p>\n\n\n\n<p><\/p>\n\n\n\n<h4 class=\"wp-block-heading\"><strong>S\u00e4llskapets medlemsskrifter<\/strong><\/h4>\n\n\n\n<p><\/p>\n\n\n\n<p><em>Sara-dagar I &amp; II<\/em>: Sara Lidman-s\u00e4llskapets medlemsskrift\u00a0(2011, 2017) Redakt\u00f6r: Ulla Danielsson<br><em>Sara-dagar III<\/em>: Sara Lidman-s\u00e4llskapets medlemsskrift (2019) Sara som talare. Redaktion: Annelie Br\u00e4nstr\u00f6m-\u00d6hman, Harald Larsen och G\u00f6ran Larsson<\/p>\n\n\n\n<p><em>Sara-dagar IV<\/em>: Sara Lidman-s\u00e4llskapets medlemsskrift (2025). Redaktion: Ola Kellgren, Jenny Berggren.<\/p>\n\n\n\n<p><\/p>\n\n\n\n<h4 class=\"wp-block-heading\"><strong>Sara Lidmans tal &#8211; digitaliserade<\/strong><\/h4>\n\n\n\n<p>F\u00f6rfattaren Sara Lidmans arkiv \u00e4r ett av Ume\u00e5 universitetsbiblioteks mest anv\u00e4nda arkiv och nu finns \u00e4ven hennes tal digitaliserade och m\u00f6jliga att ta del av. <a href=\"https:\/\/digital.ub.umu.se\/node\/1089709?fulltext-query=\" data-type=\"link\" data-id=\"https:\/\/digital.ub.umu.se\/node\/1089709?fulltext-query=\" target=\"_blank\" rel=\"noreferrer noopener\">Sara Lidmans tal digitaliserade<\/a><\/p>\n\n\n\n<p><\/p>\n","protected":false},"excerpt":{"rendered":"<p>B\u00f6cker av Sara Tj\u00e4rdalen&nbsp;(1953), romanHjortronlandet&nbsp;(1955), romanRegnspiran&nbsp;(1958), romanB\u00e4ra mistel&nbsp;(1960), romanJag och min son&nbsp;(1961), romanJag och min son&nbsp;(1963), roman, bearbetad versionMed fem diamanter&nbsp;(1964), romanSamtal i Hanoi&nbsp;(1966), reportageGruva. Bild Odd Uhrbom (1968), intervjubokGruva. <a class=\"read-more\" href=\"http:\/\/www.saralidman.se\/?page_id=82\">Read More<\/a><\/p>\n","protected":false},"author":1,"featured_media":0,"parent":0,"menu_order":0,"comment_status":"closed","ping_status":"closed","template":"","meta":{"footnotes":""},"class_list":["post-82","page","type-page","status-publish","hentry"],"_links":{"self":[{"href":"http:\/\/www.saralidman.se\/index.php?rest_route=\/wp\/v2\/pages\/82","targetHints":{"allow":["GET"]}}],"collection":[{"href":"http:\/\/www.saralidman.se\/index.php?rest_route=\/wp\/v2\/pages"}],"about":[{"href":"http:\/\/www.saralidman.se\/index.php?rest_route=\/wp\/v2\/types\/page"}],"author":[{"embeddable":true,"href":"http:\/\/www.saralidman.se\/index.php?rest_route=\/wp\/v2\/users\/1"}],"replies":[{"embeddable":true,"href":"http:\/\/www.saralidman.se\/index.php?rest_route=%2Fwp%2Fv2%2Fcomments&post=82"}],"version-history":[{"count":15,"href":"http:\/\/www.saralidman.se\/index.php?rest_route=\/wp\/v2\/pages\/82\/revisions"}],"predecessor-version":[{"id":1106,"href":"http:\/\/www.saralidman.se\/index.php?rest_route=\/wp\/v2\/pages\/82\/revisions\/1106"}],"wp:attachment":[{"href":"http:\/\/www.saralidman.se\/index.php?rest_route=%2Fwp%2Fv2%2Fmedia&parent=82"}],"curies":[{"name":"wp","href":"https:\/\/api.w.org\/{rel}","templated":true}]}}

<h4 class="wp-block-heading"><br><strong>Böcker av Sara</strong></h4>



<p>Tjärdalen&nbsp;(1953), roman<br>Hjortronlandet&nbsp;(1955), roman<br>Regnspiran&nbsp;(1958), roman<br>Bära mistel&nbsp;(1960), roman<br>Jag och min son&nbsp;(1961), roman<br>Jag och min son&nbsp;(1963), roman, bearbetad version<br>Med fem diamanter&nbsp;(1964), roman<br>Samtal i Hanoi&nbsp;(1966), reportage<br>Gruva. Bild Odd Uhrbom (1968), intervjubok<br>Gruva. Bild Odd Uhrbom (1969), utvidgad version<br>Vänner och u-vänner&nbsp;(1969), artikelurval<br>Marta Marta&nbsp;(1970), pjäs<br>Fåglarna i Nam Dinh&nbsp;(1972), artiklar om Vietnam<br>Din tjänare hör&nbsp;(1977), roman<br>Vredens barn&nbsp;(1979), roman<br>Varje löv är ett öga&nbsp;(1980), artikelurval<br>Nabots sten&nbsp;(1981), roman<br>Den underbare mannen&nbsp;(1983), roman<br>Järnkronan&nbsp;(1985), roman<br>…och trädet svarade&nbsp;(1988), artikelurval<br>Lifsens rot&nbsp;(1996), roman<br>Oskuldens minut&nbsp;(1999), roman<br>Kropp och skäl&nbsp;(2003)<br>Jernbanan 1&nbsp;(2003), samlingvolym<br>Jernbanan 2&nbsp;(2003), samlingsvolym</p>



<p></p>



<h4 class="wp-block-heading"><strong>Ljudböcker</strong></h4>



<p><em>Lifsens rot</em>, Bonnier audio (2015), inläsare: Sara Lidman<br><em>Den underbare mannen</em>, Bonnier audio (2017), inläsare: Sara Lidman<br><em>Jernkronan</em>, Bonnier audio (2017), inläsare: Sara Lidman<br><em>Din tjänare hör</em>, Landa förlag (2023), inläsare: Ellenor Lindgren</p>



<p></p>



<h4 class="wp-block-heading"><strong>Böcker om Sara</strong></h4>



<p><strong><em>Sara Lidman – i liv och text</em></strong>&nbsp;(1998) av Birgitta Holm. Ny reviderad utgåva 2005Kärlek och någonting att skratta åt dessutom : Sara Lidman och den kärleksfulla blicken&nbsp;(2008) av Annelie Bränström-Öhman<br><strong><em>Stilens munterhet</em></strong>: Sara Lidmans författardagböcker från Missenträsk 1975-1985&nbsp;(2014) av Annelie Bränström-Öhman<br><strong><em>Levtrådar</em></strong> &#8211; ett och hundra år med Sara Lidman, av Harald Larsen (red), Ordfront förlag (2023)<br><strong><em>I rött svart och vitt</em></strong> &#8211; Sara Lidmans språkdräkter av Annelie Bränström-Öhman och Maria Sundström, Ellerströms förlag (2023) <br><strong><em>AINA och andra dramer</em></strong>, &#8211; Saras dramatik, Atrium förlag (2023)</p>



<p></p>



<p></p>



<p></p>



<h4 class="wp-block-heading"><strong>Sällskapets medlemsskrifter</strong></h4>



<p></p>



<p><em>Sara-dagar I &amp; II</em>: Sara Lidman-sällskapets medlemsskrift (2011, 2017) Redaktör: Ulla Danielsson<br><em>Sara-dagar III</em>: Sara Lidman-sällskapets medlemsskrift (2019) Sara som talare. Redaktion: Annelie Bränström-Öhman, Harald Larsen och Göran Larsson</p>



<p><em>Sara-dagar IV</em>: Sara Lidman-sällskapets medlemsskrift (2025). Redaktion: Ola Kellgren, Jenny Berggren.</p>



<p></p>



<h4 class="wp-block-heading"><strong>Sara Lidmans tal &#8211; digitaliserade</strong></h4>



<p>Författaren Sara Lidmans arkiv är ett av Umeå universitetsbiblioteks mest använda arkiv och nu finns även hennes tal digitaliserade och möjliga att ta del av. <a href="https://digital.ub.umu.se/node/1089709?fulltext-query=" data-type="link" data-id="https://digital.ub.umu.se/node/1089709?fulltext-query=" target="_blank" rel="noreferrer noopener">Sara Lidmans tal digitaliserade</a></p>



<p></p>

<p>Böcker av Sara Tjärdalen&nbsp;(1953), romanHjortronlandet&nbsp;(1955), romanRegnspiran&nbsp;(1958), romanBära mistel&nbsp;(1960), romanJag och min son&nbsp;(1961), romanJag och min son&nbsp;(1963), roman, bearbetad versionMed fem diamanter&nbsp;(1964), romanSamtal i Hanoi&nbsp;(1966), reportageGruva. Bild Odd Uhrbom (1968), intervjubokGruva. <a class="read-more" href="http://www.saralidman.se/?page_id=82">Read More</a></p>
