{"id":93,"date":"2023-01-20T16:15:29","date_gmt":"2023-01-20T15:15:29","guid":{"rendered":"http:\/\/www.saralidman.se\/?page_id=93"},"modified":"2024-04-18T13:19:45","modified_gmt":"2024-04-18T11:19:45","slug":"utstallningen-saraibyn","status":"publish","type":"page","link":"http:\/\/www.saralidman.se\/?page_id=93","title":{"rendered":"Utst\u00e4llningen &#8211; Saraibyn"},"content":{"rendered":"\n<p><strong><em>Sara i byn &#8211; byn i v\u00e4rlden <\/em><\/strong>invigdes 3 juli 2021, en permanent utst\u00e4llning om Sara Lidman i Missentr\u00e4sks skola.<\/p>\n\n\n\n<p>Det har saknats en bes\u00f6ksplats d\u00e4r allm\u00e4nheten kan komma och uppleva Sara Lidman i Missentr\u00e4sk. Huset som donerades av Sara som fr\u00e4mst residens, st\u00e5r s\u00e5ledes inte \u00f6ppet f\u00f6r allm\u00e4nheten. Utifr\u00e5n den \u00f6nskan samlades bygdeg\u00e5rdsf\u00f6reningen och Sara-s\u00e4llskapet och sp\u00e5nade id\u00e9er.\u00a0<\/p>\n\n\n\n<p>Finansiering till en f\u00f6rstudie kom via kulturprojektet <em>Lyssna p\u00e5 oss som utf\u00f6rdes av Jonas Lundqvist. <\/em>F\u00f6rstudien l\u00e5g sedan till grund n\u00e4r en st\u00f6rre ans\u00f6kan gjordes till Jordbruksverket och EU.&nbsp;<\/p>\n\n\n\n<p>Arbetet med utst\u00e4llningen gjordes i huvudsak under 2020-2021. Bygdeg\u00e5rdsf\u00f6reningen ansvarade f\u00f6r restaurering av skolan och Ellenor Lindgren \u00e4r formgivare och skapare av utst\u00e4llningen.<\/p>\n\n\n\n<p><strong><em>Sara i byn &#8211; byn i v\u00e4rlden<\/em><\/strong> har varierade \u00f6ppettider. F\u00f6r mer info: <a href=\"http:\/\/saraibyn.se\">saraibyn.se<\/a><\/p>\n\n\n\n<figure class=\"wp-block-image size-large\"><img loading=\"lazy\" decoding=\"async\" width=\"1024\" height=\"768\" src=\"http:\/\/www.saralidman.se\/wp-content\/uploads\/2024\/04\/image3-1024x768.jpeg\" alt=\"\" class=\"wp-image-707\" srcset=\"http:\/\/www.saralidman.se\/wp-content\/uploads\/2024\/04\/image3-1024x768.jpeg 1024w, http:\/\/www.saralidman.se\/wp-content\/uploads\/2024\/04\/image3-300x225.jpeg 300w, http:\/\/www.saralidman.se\/wp-content\/uploads\/2024\/04\/image3-768x576.jpeg 768w, http:\/\/www.saralidman.se\/wp-content\/uploads\/2024\/04\/image3-1536x1152.jpeg 1536w, http:\/\/www.saralidman.se\/wp-content\/uploads\/2024\/04\/image3.jpeg 2016w\" sizes=\"auto, (max-width: 1024px) 100vw, 1024px\" \/><\/figure>\n","protected":false},"excerpt":{"rendered":"<p>Sara i byn &#8211; byn i v\u00e4rlden invigdes 3 juli 2021, en permanent utst\u00e4llning om Sara Lidman i Missentr\u00e4sks skola. Det har saknats en bes\u00f6ksplats d\u00e4r allm\u00e4nheten kan komma och <a class=\"read-more\" href=\"http:\/\/www.saralidman.se\/?page_id=93\">Read More<\/a><\/p>\n","protected":false},"author":1,"featured_media":0,"parent":0,"menu_order":0,"comment_status":"closed","ping_status":"closed","template":"","meta":{"footnotes":""},"class_list":["post-93","page","type-page","status-publish","hentry"],"_links":{"self":[{"href":"http:\/\/www.saralidman.se\/index.php?rest_route=\/wp\/v2\/pages\/93","targetHints":{"allow":["GET"]}}],"collection":[{"href":"http:\/\/www.saralidman.se\/index.php?rest_route=\/wp\/v2\/pages"}],"about":[{"href":"http:\/\/www.saralidman.se\/index.php?rest_route=\/wp\/v2\/types\/page"}],"author":[{"embeddable":true,"href":"http:\/\/www.saralidman.se\/index.php?rest_route=\/wp\/v2\/users\/1"}],"replies":[{"embeddable":true,"href":"http:\/\/www.saralidman.se\/index.php?rest_route=%2Fwp%2Fv2%2Fcomments&post=93"}],"version-history":[{"count":2,"href":"http:\/\/www.saralidman.se\/index.php?rest_route=\/wp\/v2\/pages\/93\/revisions"}],"predecessor-version":[{"id":708,"href":"http:\/\/www.saralidman.se\/index.php?rest_route=\/wp\/v2\/pages\/93\/revisions\/708"}],"wp:attachment":[{"href":"http:\/\/www.saralidman.se\/index.php?rest_route=%2Fwp%2Fv2%2Fmedia&parent=93"}],"curies":[{"name":"wp","href":"https:\/\/api.w.org\/{rel}","templated":true}]}}

Utställningen &#8211; Saraibyn

<p><strong><em>Sara i byn &#8211; byn i världen </em></strong>invigdes 3 juli 2021, en permanent utställning om Sara Lidman i Missenträsks skola.</p>



<p>Det har saknats en besöksplats där allmänheten kan komma och uppleva Sara Lidman i Missenträsk. Huset som donerades av Sara som främst residens, står således inte öppet för allmänheten. Utifrån den önskan samlades bygdegårdsföreningen och Sara-sällskapet och spånade idéer. </p>



<p>Finansiering till en förstudie kom via kulturprojektet <em>Lyssna på oss som utfördes av Jonas Lundqvist. </em>Förstudien låg sedan till grund när en större ansökan gjordes till Jordbruksverket och EU.&nbsp;</p>



<p>Arbetet med utställningen gjordes i huvudsak under 2020-2021. Bygdegårdsföreningen ansvarade för restaurering av skolan och Ellenor Lindgren är formgivare och skapare av utställningen.</p>



<p><strong><em>Sara i byn &#8211; byn i världen</em></strong> har varierade öppettider. För mer info: <a href="http://saraibyn.se">saraibyn.se</a></p>



<figure class="wp-block-image size-large"><img loading="lazy" decoding="async" width="1024" height="768" src="http://www.saralidman.se/wp-content/uploads/2024/04/image3-1024x768.jpeg" alt="" class="wp-image-707" srcset="http://www.saralidman.se/wp-content/uploads/2024/04/image3-1024x768.jpeg 1024w, http://www.saralidman.se/wp-content/uploads/2024/04/image3-300x225.jpeg 300w, http://www.saralidman.se/wp-content/uploads/2024/04/image3-768x576.jpeg 768w, http://www.saralidman.se/wp-content/uploads/2024/04/image3-1536x1152.jpeg 1536w, http://www.saralidman.se/wp-content/uploads/2024/04/image3.jpeg 2016w" sizes="auto, (max-width: 1024px) 100vw, 1024px" /></figure>

<p>Sara i byn &#8211; byn i världen invigdes 3 juli 2021, en permanent utställning om Sara Lidman i Missenträsks skola. Det har saknats en besöksplats där allmänheten kan komma och <a class="read-more" href="http://www.saralidman.se/?page_id=93">Read More</a></p>
