{"id":982,"date":"2025-08-21T10:51:26","date_gmt":"2025-08-21T08:51:26","guid":{"rendered":"https:\/\/www.saralidman.se\/?post_type=tribe_events&#038;p=982"},"modified":"2026-02-17T14:06:00","modified_gmt":"2026-02-17T13:06:00","slug":"sara-och-sam-vettet","status":"publish","type":"tribe_events","link":"https:\/\/www.saralidman.se\/?tribe_events=sara-och-sam-vettet","title":{"rendered":"Sara och sam-vettet"},"content":{"rendered":"<p><a href=\"http:\/\/www.saralidman.se\/wp-content\/uploads\/2025\/08\/saradagen_2026_1214-2.pdf\">saradagen_2026_1214-2<\/a><\/p>\n<div dir=\"auto\">\n<div dir=\"auto\">\n<div dir=\"auto\">\n<div>\n<div id=\"m_-5955865836090615204v1v1v1v1post-1068\">\n<div>\n<p><strong>Sara-dagen s\u00f6ndag 22 mars 13\u201316 i V\u00e4ven Ume\u00e5<\/strong><\/p>\n<p>Tema f\u00f6r \u00e5rets Sara-dag \u00e4r Sara och sam-vettet. Medverkar\u00a0g\u00f6r bland andra litteraturvetaren Ingeborg L\u00f6fgren, juridikprofessorn Joel Samuelsson och filosofen Nora H\u00e4m\u00e4l\u00e4inen som ska tala om Sara Lidmans speciella sam-vett och diskutera aktivisters engagemang mot milj\u00f6f\u00f6rst\u00f6ringen. Konstn\u00e4ren Gunilla Samberg bidrar med ett nytt performanceverk. Dessutom utdelas Sara-priset till Balsam Karam som verkar i Sara Lidmans anda av motst\u00e5nd och passion. Biljetter, 200 f\u00f6r icke-medlemmar och 150 f\u00f6r medlemmar finns till f\u00f6rs\u00e4ljning vid kulturdisken i V\u00e4ven eller via Tickster. Medlemsbiljetter \u00e4r billigare via denna l\u00e4nk: <u><a id=\"m_-5955865836090615204v1v1v1OWA99b28bed-138a-00c7-b637-0193381882c4\" href=\"https:\/\/secure.tickster.com\/b9j1wpnhrtjd3xr?c=v00gu7h\" target=\"_blank\" rel=\"noopener noreferrer\" data-saferedirecturl=\"https:\/\/www.google.com\/url?q=https:\/\/secure.tickster.com\/b9j1wpnhrtjd3xr?c%3Dv00gu7h&amp;source=gmail&amp;ust=1771419831643000&amp;usg=AOvVaw3Za9UCwkcmws4TU9o_U3bC\">https:\/\/secure.tickster.com\/<wbr \/>b9j1wpnhrtjd3xr?c=v00gu7h<\/a><\/u><\/p>\n<p>Affischen f\u00f6r Sara-dagen bifogas. F\u00e5r g\u00e4rna spridas vidare. Arrangemanget kommer att livestreamas samt finnas tillg\u00e4ngligt efter\u00e5t.<\/p>\n<p><strong>S\u00e4llskapets \u00e5rsm\u00f6te s\u00f6ndag 22 mars kl 17.30 p\u00e5 Bokkaf\u00e9 Pilgatan<\/strong><\/p>\n<p>S\u00e4llskapets \u00e5rsm\u00f6te h\u00e5lls kl 17.30 i Bokkaf\u00e9 Pilgatan. Efter \u00e5rsm\u00f6tesf\u00f6rhandlingarna bjuds p\u00e5 en enklare f\u00f6rt\u00e4ring. Underlag i form av verksamhetsber\u00e4ttelse, dagordning med mera kommer i separat utskick men f\u00f6r att ber\u00e4kna antalet g\u00e4ster ber vi om f\u00f6rhandsanm\u00e4lan under epostadress <a href=\"mailto:styrelsen@saralidman.se\" target=\"_blank\" rel=\"noopener noreferrer\">styrelsen@saralidman.se <\/a>senast 10 mars.<\/p>\n<\/div>\n<\/div>\n<\/div>\n<\/div>\n<\/div>\n<\/div>\n<div id=\"m_-5955865836090615204v1v1v1_rc_sig\"><\/div>\n<div id=\"m_-5955865836090615204signature\">&#8212;<\/div>\n","protected":false},"excerpt":{"rendered":"<p>saradagen_2026_1214-2 Sara-dagen s\u00f6ndag 22 mars 13\u201316 i V\u00e4ven Ume\u00e5 Tema f\u00f6r \u00e5rets Sara-dag \u00e4r Sara och sam-vettet. Medverkar\u00a0g\u00f6r bland andra litteraturvetaren Ingeborg L\u00f6fgren, juridikprofessorn Joel Samuelsson och filosofen Nora H\u00e4m\u00e4l\u00e4inen <a class=\"read-more\" href=\"https:\/\/www.saralidman.se\/?tribe_events=sara-och-sam-vettet\">Read More<\/a><\/p>\n","protected":false},"author":1,"featured_media":0,"comment_status":"open","ping_status":"closed","template":"","meta":{"_tribe_events_status":"","_tribe_events_status_reason":"","footnotes":""},"tags":[],"tribe_events_cat":[],"class_list":["post-982","tribe_events","type-tribe_events","status-publish","hentry"],"_links":{"self":[{"href":"https:\/\/www.saralidman.se\/index.php?rest_route=\/wp\/v2\/tribe_events\/982","targetHints":{"allow":["GET"]}}],"collection":[{"href":"https:\/\/www.saralidman.se\/index.php?rest_route=\/wp\/v2\/tribe_events"}],"about":[{"href":"https:\/\/www.saralidman.se\/index.php?rest_route=\/wp\/v2\/types\/tribe_events"}],"author":[{"embeddable":true,"href":"https:\/\/www.saralidman.se\/index.php?rest_route=\/wp\/v2\/users\/1"}],"replies":[{"embeddable":true,"href":"https:\/\/www.saralidman.se\/index.php?rest_route=%2Fwp%2Fv2%2Fcomments&post=982"}],"version-history":[{"count":4,"href":"https:\/\/www.saralidman.se\/index.php?rest_route=\/wp\/v2\/tribe_events\/982\/revisions"}],"predecessor-version":[{"id":1122,"href":"https:\/\/www.saralidman.se\/index.php?rest_route=\/wp\/v2\/tribe_events\/982\/revisions\/1122"}],"wp:attachment":[{"href":"https:\/\/www.saralidman.se\/index.php?rest_route=%2Fwp%2Fv2%2Fmedia&parent=982"}],"wp:term":[{"taxonomy":"post_tag","embeddable":true,"href":"https:\/\/www.saralidman.se\/index.php?rest_route=%2Fwp%2Fv2%2Ftags&post=982"},{"taxonomy":"tribe_events_cat","embeddable":true,"href":"https:\/\/www.saralidman.se\/index.php?rest_route=%2Fwp%2Fv2%2Ftribe_events_cat&post=982"}],"curies":[{"name":"wp","href":"https:\/\/api.w.org\/{rel}","templated":true}]}}

<p><a href="http://www.saralidman.se/wp-content/uploads/2025/08/saradagen_2026_1214-2.pdf">saradagen_2026_1214-2</a></p>
<div dir="auto">
<div dir="auto">
<div dir="auto">
<div>
<div id="m_-5955865836090615204v1v1v1v1post-1068">
<div>
<p><strong>Sara-dagen söndag 22 mars 13–16 i Väven Umeå</strong></p>
<p>Tema för årets Sara-dag är Sara och sam-vettet. Medverkar gör bland andra litteraturvetaren Ingeborg Löfgren, juridikprofessorn Joel Samuelsson och filosofen Nora Hämäläinen som ska tala om Sara Lidmans speciella sam-vett och diskutera aktivisters engagemang mot miljöförstöringen. Konstnären Gunilla Samberg bidrar med ett nytt performanceverk. Dessutom utdelas Sara-priset till Balsam Karam som verkar i Sara Lidmans anda av motstånd och passion. Biljetter, 200 för icke-medlemmar och 150 för medlemmar finns till försäljning vid kulturdisken i Väven eller via Tickster. Medlemsbiljetter är billigare via denna länk: <u><a id="m_-5955865836090615204v1v1v1OWA99b28bed-138a-00c7-b637-0193381882c4" href="https://secure.tickster.com/b9j1wpnhrtjd3xr?c=v00gu7h" target="_blank" rel="noopener noreferrer" data-saferedirecturl="https://www.google.com/url?q=https://secure.tickster.com/b9j1wpnhrtjd3xr?c%3Dv00gu7h&amp;source=gmail&amp;ust=1771419831643000&amp;usg=AOvVaw3Za9UCwkcmws4TU9o_U3bC">https://secure.tickster.com/<wbr />b9j1wpnhrtjd3xr?c=v00gu7h</a></u></p>
<p>Affischen för Sara-dagen bifogas. Får gärna spridas vidare. Arrangemanget kommer att livestreamas samt finnas tillgängligt efteråt.</p>
<p><strong>Sällskapets årsmöte söndag 22 mars kl 17.30 på Bokkafé Pilgatan</strong></p>
<p>Sällskapets årsmöte hålls kl 17.30 i Bokkafé Pilgatan. Efter årsmötesförhandlingarna bjuds på en enklare förtäring. Underlag i form av verksamhetsberättelse, dagordning med mera kommer i separat utskick men för att beräkna antalet gäster ber vi om förhandsanmälan under epostadress <a href="mailto:styrelsen@saralidman.se" target="_blank" rel="noopener noreferrer">styrelsen@saralidman.se </a>senast 10 mars.</p>
</div>
</div>
</div>
</div>
</div>
</div>
<div id="m_-5955865836090615204v1v1v1_rc_sig"></div>
<div id="m_-5955865836090615204signature">&#8212;</div>

<p>saradagen_2026_1214-2 Sara-dagen söndag 22 mars 13–16 i Väven Umeå Tema för årets Sara-dag är Sara och sam-vettet. Medverkar gör bland andra litteraturvetaren Ingeborg Löfgren, juridikprofessorn Joel Samuelsson och filosofen Nora Hämäläinen <a class="read-more" href="https://www.saralidman.se/?tribe_events=sara-och-sam-vettet">Read More</a></p>
